a factor of 1262?
False
Is 617133 a multiple of 21?
False
Is 66487 a multiple of 8?
False
Does 58 divide 504970?
False
Is 1911762 a multiple of 95?
False
Does 273 divide 707246?
False
Is 3 a factor of 773581?
False
Is 3 a factor of 29016?
True
Is 2336124 a multiple of 294?
True
Does 29 divide 11490380?
True
Is 13 a factor of 94930?
False
Is 67 a factor of 2566112?
False
Is 409770 a multiple of 90?
True
Does 31 divide 16363?
False
Does 12 divide 113675?
False
Is 75 a factor of 315071?
False
Does 141 divide 4995157?
False
Is 398 a factor of 50148?
True
Is 87 a factor of 127629?
True
Does 85 divide 605880?
True
Is 1432650 a multiple of 150?
True
Does 13 divide 669697?
False
Is 219 a factor of 4810691?
False
Does 532 divide 4093208?
True
Is 864044 a multiple of 6?
False
Does 44 divide 2164465?
False
Is 112 a factor of 155904?
True
Is 168780 a multiple of 60?
True
Does 619 divide 537841?
False
Is 97 a factor of 262312?
False
Does 72 divide 203760?
True
Does 112 divide 222242?
False
Is 103 a factor of 157177?
False
Is 16 a factor of 3683592?
False
Does 278 divide 50040?
True
Does 3 divide 2157885?
True
Is 5 a factor of 293550?
True
Is 1313200 a multiple of 560?
True
Is 11 a factor of 390655?
False
Is 87945 a multiple of 41?
True
Does 243 divide 118152?
False
Does 101 divide 659094?
False
Does 19 divide 382812?
True
Does 10 divide 2410430?
True
Is 297328 a multiple of 16?
True
Is 11 a factor of 3834246?
False
Is 3 a factor of 1833210?
True
Is 123 a factor of 2154610?
False
Is 10 a factor of 110437?
False
Is 2870420 a multiple of 980?
True
Does 64 divide 305536?
True
Is 661091 a multiple of 578?
False
Does 58 divide 326182?
False
Does 14 divide 901747?
False
Is 15 a factor of 35970?
True
Does 15 divide 14891?
False
Does 109 divide 88502?
False
Is 10759876 a multiple of 59?
False
Is 24 a factor of 248736?
True
Is 677722 a multiple of 51?
False
Is 35 a factor of 2193065?
True
Is 44 a factor of 90965?
False
Does 56 divide 275436?
False
Is 52169 a multiple of 216?
False
Is 175072 a multiple of 8?
True
Is 8446103 a multiple of 60?
False
Is 255587 a multiple of 81?
False
Does 16 divide 56944?
True
Is 905540 a multiple of 211?
False
Does 4 divide 3520182?
False
Is 930878 a multiple of 200?
False
Does 172 divide 109220?
True
Does 24 divide 340896?
True
Is 296266 a multiple of 5?
False
Is 341372 a multiple of 2?
True
Is 22 a factor of 48708?
True
Is 16380 a multiple of 6?
True
Does 54 divide 600156?
True
Is 1843179 a multiple of 95?
False
Does 12 divide 3048690?
False
Is 248939 a multiple of 113?
True
Does 161 divide 56571?
False
Does 2177 divide 8758071?
True
Does 95 divide 165866?
False
Does 78 divide 149506?
False
Is 73425 a multiple of 89?
True
Is 728068 a multiple of 56?
False
Is 114 a factor of 22800?
True
Is 7771299 a multiple of 14?
False
Does 371 divide 6733?
False
Does 250 divide 184451?
False
Does 18 divide 31500?
True
Is 804 a factor of 170448?
True
Is 128 a factor of 4969600?
True
Does 16 divide 1510784?
True
Does 2 divide 24794?
True
Is 2 a factor of 2390765?
False
Is 631 a factor of 3173705?
False
Is 19875356 a multiple of 2141?
False
Is 109958 a multiple of 125?
False
Is 322704 a multiple of 249?
True
Is 1303104 a multiple of 8?
True
Does 5 divide 125323?
False
Is 6 a factor of 725160?
True
Does 10 divide 34686?
False
Is 48300 a multiple of 75?
True
Is 410521 a multiple of 28?
False
Is 865160 a multiple of 139?
False
Does 600 divide 367800?
True
Is 1732055 a multiple of 65?
True
Is 56 a factor of 1247408?
False
Is 54943 a multiple of 167?
True
Is 444 a factor of 516816?
True
Is 45 a factor of 6165900?
True
Is 484965 a multiple of 39?
True
Is 60072 a multiple of 242?
False
Does 8 divide 9558?
False
Is 186 a factor of 5618894?
False
Is 31 a factor of 2726541?
False
Is 1079748 a multiple of 89?
True
Is 521947 a multiple of 113?
True
Is 10 a factor of 49220?
True
Is 1118625 a multiple of 18?
False
Does 89 divide 1252319?
True
Does 351 divide 524043?
True
Is 6228988 a multiple of 7?
False
Does 13 divide 220421?
False
Is 68 a factor of 464440?
True
Is 46 a factor of 9062?
True
Is 105 a factor of 41904?
False
Is 5151698 a multiple of 2?
True
Does 116 divide 814977?
False
Is 211330 a multiple of 5?
True
Does 120 divide 1222200?
True
Is 12 a factor of 10404?
True
Is 4358606 a multiple of 8?
False
Does 7 divide 2884392?
True
Does 84 divide 419968?
False
Is 914607 even?
False
Is 768 a factor of 410063?
False
Is 696923 a multiple of 21?
False
Is 634450 a multiple of 22?
False
Does 460 divide 2778668?
False
Does 61 divide 116993?
False
Is 110 a factor of 133851?
False
Is 329 a factor of 100674?
True
Is 88 a factor of 417685?
False
Is 42 a factor of 775530?
True
Is 122 a factor of 491294?
True
Does 15 divide 1018?
False
Is 128 a factor of 2288000?
True
Does 41 divide 91922?
True
Does 29 divide 422037?
True
Is 218 a factor of 153254?
True
Is 30 a factor of 6137183?
False
Is 8 a factor of 1670808?
True
Is 72 a factor of 405265?
False
Is 156 a factor of 91572?
True
Is 7 a factor of 1613728?
False
Is 1296308 a multiple of 13?
True
Is 5110200 a multiple of 1336?
True
Is 334614 a multiple of 42?
True
Does 11 divide 124108?
False
Is 23620975 a multiple of 43?
True
Is 526 a factor of 699064?
False
Does 73 divide 3031755?
False
Is 24 a factor of 690506?
False
Is 274878 a multiple of 10?
False
Is 459080 a multiple of 23?
True
Does 199 divide 5405636?
True
Is 5 a factor of 206415?
True
Is 16 a factor of 180784?
True
Is 115712 a multiple of 8?
True
Is 499 a factor of 2762464?
True
Does 33 divide 4846892?
False
Is 4968805 a multiple of 656?
False
Is 2725 a factor of 5605930?
False
Is 79 a factor of 2173301?
False
Is 763108 a multiple of 63?
False
Is 5 a factor of 960191?
False
Is 10 a factor of 890635?
False
Is 258553 a multiple of 52?
False
Is 1010233 a multiple of 53?
True
Does 428 divide 452396?
True
Is 418621 a multiple of 73?
False
Is 766424 a multiple of 39?
False
Does 2 divide 74292?
True
Is 36 a factor of 278460?
True
Is 577 a factor of 2955952?
False
Does 264 divide 894920?
False
Does 16 divide 606574?
False
Is 646 a factor of 1737740?
True
Is 9772813 a multiple of 359?
False
Is 7 a factor of 401044?
True
Is 1941363 a multiple of 146?
False
Is 2889720 a multiple of 90?
True
Does 598 divide 555542?
True
Does 13 divide 540740?
False
Is 108528 a multiple of 228?
True
Is 1297661 a multiple of 685?
False
Is 1356223 a multiple of 81?
False
Is 103400 a multiple of 188?
True
Is 3101508 a multiple of 12?
True
Does 223 divide 74523?
False
Is 83 a factor of 741860?
False
Is 693 a factor of 6074838?
True
Is 46 a factor of 84687?
False
Is 24 a factor of 51192?
True
Is 19 a factor of 273536?
False
Is 271262 a multiple of 46?
True
Does 37 divide 123543?
True
Is 4549899 a multiple of 1426?
False
Is 411725 a multiple of 383?
True
Is 11 a factor of 312141?
False
Does 10 divide 158760?
True
Is 2791339 a multiple of 25?
False
Is 81 a factor of 118762?
False
Is 626 a factor of 277944?
True
Is 39 a factor of 1476530?
False
Is 5884 a multiple of 347?
False
Is 457510 a multiple of 16?
False
Is 42 a factor of 1643012?
False
Does 195 divide 377910?
True
Is 35 a factor of 33740?
True
Does 303 divide 2092315?
False
Does 2 divide 139987?
False
Does 11 divide 415145?
False
Is 46 a factor of 121322?
False
Is 4611354 a multiple of 654?
True
Is 2831688 a multiple of 603?
True
Is 213 a factor of 178707?
True
Is 79 a factor of 17659502?
True
Is 8 a factor of 88426?
False
Is 150 a factor of 172360?
False
Is 9946881 a multiple of 10?
False
Does 110 divide 270228?
False
Does 12 divide 6379872?
True
Is 186077 a multiple of 11?
False
Is 74 a factor of 2163269?
False
Is 538 a factor of 1466093?
False
Is 990766 a multiple of 9?
False
Is 25432418 a multiple of 598?
False
Does 12 divide 32782?
False
Is 646567 a multiple of 8?
False
Is 14 a factor of 254702?
True
Is 195388 a multiple of 42?
False
Is 1492741 a multiple of 18?
False
Does 123 divide 10592263?
False
Does 743 divide 3383237?
False
Is 241 a factor of 2820233?
False
Is 8 a factor of 81891?
False
Does 22 divide 687713?
False
Is 35474 a multiple of 8?
False
Is 4 a factor of 1127?
False
Is 36053 even?
False
Is 1378033 a multiple of 237?
False
Is 32 a factor of 53896?
False
Is 602240 a multiple of 8?
True
Does 14 divide 1542303?
False
Does 5 div